atest common factor of 282 and 822.
6
What is the greatest common factor of 23393 and 314?
157
Calculate the highest common factor of 12696 and 108.
12
Calculate the greatest common factor of 196488 and 288.
72
What is the greatest common factor of 1558 and 9215?
19
What is the greatest common divisor of 32 and 35296?
32
What is the greatest common divisor of 366415 and 1444?
361
What is the greatest common factor of 21146 and 12998?
194
Calculate the highest common divisor of 15 and 275115.
15
Calculate the highest common divisor of 286 and 26972.
22
Calculate the greatest common factor of 8712 and 1881.
99
What is the greatest common factor of 61062 and 30?
6
Calculate the highest common divisor of 76 and 1133274.
38
Calculate the greatest common factor of 29949 and 603.
201
Calculate the greatest common factor of 5304 and 1014.
78
What is the highest common divisor of 240 and 41415?
15
What is the highest common divisor of 560 and 13132?
28
What is the greatest common factor of 1225 and 334523?
49
What is the greatest common factor of 10012 and 24?
4
What is the greatest common factor of 24803 and 391?
17
Calculate the greatest common factor of 18 and 829428.
6
Calculate the highest common divisor of 96 and 133368.
24
What is the highest common factor of 26076 and 9540?
636
Calculate the highest common divisor of 2886 and 708994.
962
What is the highest common factor of 276069 and 69?
69
Calculate the greatest common divisor of 408 and 333.
3
Calculate the greatest common factor of 145848 and 15517.
59
What is the highest common factor of 220 and 9988?
44
What is the highest common factor of 42792 and 72?
24
What is the greatest common factor of 858973 and 6152?
769
What is the greatest common factor of 174 and 275239?
29
Calculate the highest common divisor of 61184 and 1195.
239
What is the highest common factor of 162822 and 154?
22
Calculate the greatest common factor of 210435 and 12.
3
What is the highest common divisor of 4850 and 150?
50
What is the highest common divisor of 661350 and 250?
50
Calculate the greatest common factor of 966 and 64008.
42
What is the greatest common factor of 195 and 10905?
15
Calculate the greatest common divisor of 272464 and 16.
16
What is the greatest common factor of 20 and 26?
2
Calculate the greatest common factor of 546 and 50466.
78
What is the highest common factor of 127039 and 1243?
11
Calculate the greatest common divisor of 2519 and 1375.
11
What is the greatest common factor of 524 and 42313?
131
Calculate the highest common divisor of 4812 and 987262.
802
What is the greatest common factor of 242445 and 105?
105
What is the highest common factor of 160 and 1268?
4
What is the greatest common factor of 8883 and 54943?
329
What is the highest common factor of 1031 and 389?
1
Calculate the highest common factor of 90 and 493790.
10
What is the highest common factor of 64 and 3856?
16
What is the highest common divisor of 2433 and 93?
3
What is the greatest common divisor of 74 and 380878?
74
Calculate the highest common divisor of 1034 and 8507.
47
What is the greatest common divisor of 238738 and 158?
158
Calculate the greatest common factor of 169692 and 35076.
948
What is the highest common divisor of 1309309 and 2012?
503
Calculate the highest common divisor of 27966 and 6399.
237
What is the greatest common factor of 4246670 and 30?
10
What is the highest common divisor of 1668550 and 6500?
650
What is the highest common divisor of 57 and 563502?
57
Calculate the highest common factor of 1369 and 29896.
37
Calculate the highest common divisor of 81726 and 954.
318
What is the highest common factor of 44 and 12324796?
44
What is the highest common divisor of 459 and 109803?
51
What is the highest common factor of 31 and 276799?
31
What is the highest common factor of 424 and 20200?
8
Calculate the greatest common divisor of 45 and 130290.
15
Calculate the highest common divisor of 668534 and 14942.
482
What is the greatest common divisor of 477750 and 2520?
210
What is the highest common factor of 76 and 581989?
19
What is the highest common factor of 3712 and 52664?
232
What is the greatest common factor of 14 and 24478678?
14
What is the greatest common factor of 4575 and 505080?
915
Calculate the highest common divisor of 48 and 377448.
24
What is the highest common factor of 1971 and 590643?
657
Calculate the highest common divisor of 2187 and 477.
9
Calculate the highest common factor of 12441459 and 69.
69
What is the highest common divisor of 6208 and 39376?
16
What is the greatest common factor of 5221 and 136427?
227
What is the greatest common divisor of 30 and 6125190?
30
Calculate the greatest common factor of 9782 and 1898.
146
What is the highest common divisor of 12 and 1729698?
6
What is the highest common divisor of 14196 and 2121?
21
Calculate the greatest common divisor of 9362 and 53506.
62
Calculate the highest common factor of 1960 and 4753.
49
What is the greatest common divisor of 3377 and 3707?
11
What is the greatest common divisor of 71680 and 336?
112
Calculate the highest common factor of 2023900 and 185.
185
What is the highest common factor of 4928 and 125752?
88
What is the greatest common divisor of 1265 and 1177?
11
Calculate the greatest common divisor of 101179 and 258.
43
Calculate the highest common factor of 8 and 4504.
8
What is the greatest common factor of 632612 and 356?
356
Calculate the greatest common divisor of 70 and 77735.
35
What is the greatest common factor of 1068 and 10591?
89
What is the highest common divisor of 108 and 4236?
12
Calculate the greatest common divisor of 6570 and 1510.
10
What is the greatest common factor of 2098965 and 11?
11
Calculate the greatest common divisor of 3668 and 15196.
524
Calculate the greatest common factor of 405856 and 1760.
352
What is the greatest common divisor of 549 and 6957?
9
What is the highest common factor of 39121 and 14981?
71
What is the greatest common factor of 99 and 2385174?
33
Calculate the greatest common factor of 7505 and 3823047.
1501
What is the highest common factor of 72 and 1557?
9
What is the highest common divisor of 87 and 732656?
29
Calculate the greatest common divisor of 7847 and 314293.
413
What is the greatest common factor of 310 and 34007?
31
Calculate the highest common divisor of 38 and 52307.
19
Calculate the greatest common divisor of 149219 and 49.
7
Calculate the highest common factor of 64 and 136960.
64
What is the highest common factor of 171875 and 2200?
275
What is the greatest common divisor of 4165 and 7840?
245
Calculate the highest common divisor of 120 and 1009272.
24
Calculate the greatest common factor of 43536 and 132.
12
What is the greatest common factor of 42800 and 749?
107
Calculate the greatest common divisor of 140 and 182560.
140
What is the highest common factor of 979 and 17177?
89
What is the greatest common divisor of 160 and 50780?
20
What is the greatest common factor of 3724942 and 299?
299
Calculate the greatest common divisor of 3156 and 995192.
1052
What is the highest common factor of 1702 and 518?
74
What is the highest common divisor of 996 and 78?
6
What is the greatest common factor of 407 and 979?
11
Calculate the greatest common divisor of 1112 and 91016.
8
What is the highest common divisor of 94 and 1131995?
47
What is the highest common divisor of 3234 and 420126?
294
Calculate the highest common divisor of 84182 and 196.
98
Calculate the greatest common factor of 318 and 4437690.
318
Calculate the highest common divisor of 1755 and 168714.
117
Calculate the highest common divisor of 719338 and 34.
34
What is the greatest common factor of 10538 and 132?
22
Calculate the highest common divisor of 50624 and 7.
7
Calculate the highest common divisor of 1048 and 976.
8
Calculate the greatest common divisor of 16760 and 610.
10
What is the highest common factor of 3220 and 2555?
35
Calculate the highest common divisor of 896853 and 534.
267
Calculate the greatest common factor of 7258500 and 600.
300
What is the greatest common factor of 1212976 and 94?
94
What is the highest common factor of 79 and 723403?
79
Calculate the greatest common factor of 17 and 7446.
17
What is the highest common divisor of 45468 and 216?
